he greatest common factor of 72 and w.
9
Suppose 0 = -a + 4 - 2. Suppose -2*h - a*p - 3*p = -62, -h - p = -25. Calculate the highest common divisor of 21 and h.
21
Let g(q) = 2*q**2 - 7*q + 2. Let b be g(6). Suppose b = -2*t + 6*t. Let o be (-4)/(-14) + 54/7. Calculate the greatest common divisor of t and o.
8
Suppose -10*p = -0*p - 120. What is the highest common factor of p and 84?
12
Suppose 0*g + 132 = 2*g. Let l be -2 - g/((-9)/3). What is the greatest common factor of l and 20?
20
Suppose -4*r = -5*o + 9 - 49, -3*o + 13 = 5*r. Let c be 5/(r/(-2))*-16. Calculate the greatest common divisor of 4 and c.
4
Let t(u) = u**2 + 6*u - 1. Let y be t(4). What is the greatest common divisor of 39 and y?
39
Suppose -5*b - 144 = -49. Let n = -17 - b. What is the greatest common divisor of n and 16?
2
Let c = 23 + -7. Let t(x) = -2*x**3 - 2*x**2 + x - 2. Let k be t(-2). Let g = c - k. Calculate the greatest common factor of 132 and g.
12
Suppose -4*w - 83 = -615. Calculate the highest common divisor of w and 19.
19
Let f(s) = s**3 - 10*s**2 + 2*s - 15. Let z be f(10). Let v(i) = 0*i + 2*i - i - 4. Let t be v(z). What is the highest common divisor of t and 1?
1
Let l be (-19)/(-95) + 39/5. What is the greatest common factor of l and 88?
8
Let v be 1/(-2 + 462/230). Suppose q - 5*g + v = 3*q, 4*q - 5*g - 155 = 0. Let k be (4 + (6 - -3))/1 + 2. Calculate the highest common factor of q and k.
15
Suppose -5*i + 53 = -202. Let d = i - 6. What is the highest common factor of 18 and d?
9
Suppose 0*z - 265 = -5*z. Let l = 83 - z. Calculate the highest common divisor of l and 20.
10
Suppose -3 = 4*l - l. Let v = 15 - 11. Let y = v + l. Calculate the highest common divisor of 2 and y.
1
Let s(p) = 2*p + 3. Let r be s(4). Calculate the highest common factor of r and 55.
11
Let v be (3 - 0) + (-1 - 1). Let y be (v - 10/(-8))*4. Let u = -49 + 148. What is the greatest common divisor of u and y?
9
Suppose 4*t - 3*p - 15 - 7 = 0, -2 = -p. Suppose 185 = 3*v - 2*n, n = -2*v + 5*n + 118. Calculate the highest common divisor of t and v.
7
Suppose 1 = 2*c - 3*u, -2*u = -2*c + 3*u + 7. Let z be 4940/55 + c/(-22). What is the highest common factor of 36 and z?
18
Suppose -3*h = -5*b + 19, -h + 2*h - 3*b = -13. Let k = -6 + 6. Suppose k*p - 2 = 2*p, -162 = -4*l + h*p. Calculate the greatest common factor of l and 5.
5
Let d = 6 + -9. Let s(x) = -11*x + 2. Let j be s(d). What is the greatest common divisor of j and 14?
7
Let i = -13 - -24. Suppose x - 9 - 4 = -5*n, -n - 5 = 4*x. Let m be -33*x/(-6)*-1. Calculate the greatest common divisor of m and i.
11
Let q be 2 - (14 + 5)/(2/(-8)). Calculate the greatest common factor of q and 6.
6
Suppose -48 = -2*h - d, 3*h - 3*d = 99 - 18. What is the greatest common factor of h and 5?
5
Let a(m) = -57*m**3 - 3*m**2 + 2. Let h be a(-1). Calculate the highest common factor of 7 and h.
7
Suppose 13 + 47 = 6*k. What is the greatest common divisor of 2 and k?
2
Let m be (11 - -2)/((-1)/(-3)). Calculate the highest common divisor of 13 and m.
13
Let s(f) = -f - 2. Let b be s(-2). Suppose b = -5*m + 1160 + 500. Suppose -4*q = 3*o - 81 - 237, 4*o = 4*q - m. Calculate the highest common divisor of 9 and q.
9
Suppose g = -4*o - o + 603, -3*o - 3*g = -357. Suppose 3*d = 2*t + 3*t + 23, 4*d = -2*t + 48. What is the highest common factor of d and o?
11
Suppose 0 = -2*a + 7*a - 15. Suppose -w + 2*c = -c - 2, -a*c + 31 = 2*w. Calculate the greatest common factor of w and 88.
11
Let k be -1 - (-4 + 1 + -15). Suppose -7 = 3*g + 3*q + q, -2*q - k = -3*g. Calculate the highest common factor of 2 and g.
1
Suppose i = v + 76, 38 = -v - 5*i - 38. Let s = v + 108. Suppose 4*b + b = -5*g + 65, -34 = -3*b - 2*g. Calculate the greatest common factor of b and s.
8
Suppose 4*h - 29 - 7 = 0. Let v(x) be the first derivative of -17*x**2/2 + 2*x + 1. Let c be v(-2). Calculate the highest common divisor of h and c.
9
Let n(s) = 12*s - 2. Let b be n(1). What is the greatest common divisor of 110 and b?
10
Let x(q) = -89*q + 1. Let d be x(-1). Calculate the greatest common divisor of d and 10.
10
Suppose 39 + 33 = 4*h. Suppose 0*x = 3*x. Suppose -4*i + 6 + 18 = x. Calculate the greatest common factor of h and i.
6
Let r be (-574)/(-4) - 1/(-2). Let k(d) = 4*d**2 + d - 2. Let o = -3 + 5. Let h be k(o). Calculate the highest common factor of h and r.
16
Suppose -4*z - 5*v + 529 = 0, 3*z - v - 3*v = 358. Let t be (4/(-3))/((-52)/702). What is the highest common factor of z and t?
18
Suppose -5*t + 2 = -4*t. Suppose -3*x - 2*l = t - 61, x - l = 13. What is the greatest common divisor of x and 17?
17
Let y be 2019/8 - (-3)/(-8). Calculate the greatest common factor of 36 and y.
36
Let d = -1 - -17. Suppose -99 = -g + 4*g. Let s be 1/(-4) + g/(-4). What is the greatest common factor of d and s?
8
Let k = 193 + 129. What is the highest common factor of k and 46?
46
Let x = 9 - 5. Suppose -d - 96 = d + 2*p, -2*d - x*p - 98 = 0. Let o = 17 - d. What is the greatest common factor of 8 and o?
8
Let q = 50 - 30. Calculate the greatest common factor of 5 and q.
5
Suppose 68 = -3*c + 248. What is the greatest common divisor of 30 and c?
30
Suppose -5 = -i - 4*v, -2*i = 3*i + 2*v - 115. Calculate the greatest common divisor of 75 and i.
25
Let k be 89 - (-2 - -3)*1. Suppose 0*m - 3*m + 21 = 3*o, 0 = -5*m + 5*o + 5. Let l be (-4)/(2*(-1)/m). Calculate the greatest common factor of k and l.
8
Suppose -37 - 3 = -2*q. Calculate the greatest common factor of q and 160.
20
Suppose 0 = y + 2*y. Suppose 2*s = 5*h - 20, 2*h - 6*h + 4*s + 4 = y. Calculate the greatest common divisor of h and 18.
6
Let g(a) = -25*a**3 + 2*a**2 + a. Let d be g(-1). What is the highest common factor of 104 and d?
26
Let a be (-5)/((-10)/6) - 7. Let q be (3 + 14/a)*-22. Calculate the greatest common factor of q and 121.
11
Let r(u) = 9*u + 16. Let b be r(12). Calculate the highest common factor of 310 and b.
62
Suppose -b = b - 30. Suppose y = -g + b, 4*y - 5*y + 2*g = -3. Calculate the greatest common divisor of y and 44.
11
Suppose -4*q = 8*q - 276. What is the highest common factor of q and 23?
23
Suppose x - 3*u + 6 = 0, -5 = x - 4*u + 3. Suppose 3*s + x = 6. Suppose 5*n + 67 - 14 = m, -n - 70 = -s*m. What is the highest common factor of 11 and m?
11
Suppose 105 + 135 = 4*a. What is the highest common divisor of a and 12?
12
Let s = 79 - 68. Calculate the greatest common divisor of 77 and s.
11
Let o = -7 - -12. Suppose -r - 132 = -2*z + 3*r, -o*z + 2*r + 322 = 0. What is the highest common divisor of 8 and z?
8
Let t = -68 + 83. Calculate the highest common divisor of t and 3.
3
Let i(h) = h**2 + 5*h - 5. Let y be i(-6). Let n(b) = -80*b**3 + 2*b - 1. Let j be n(y). Let x = j - -115. Calculate the highest common factor of x and 24.
12
Suppose 5*t - b - 432 = 0, 3*t + 5*b - b - 273 = 0. Let n = t - -81. What is the greatest common divisor of 21 and n?
21
Suppose 0 = -4*u + 4*d + 206 - 58, -3*d + 79 = 2*u. What is the highest common factor of 38 and u?
38
Let z be ((-4)/(-10))/(2/20). Suppose 0 = -4*i - 42 + 194. Suppose z*c - 79 = c + 4*q, q = -c + i. Calculate the highest common divisor of 22 and c.
11
Suppose 6*x = 4*x - 90. Let l = -5 - x. What is the greatest common divisor of l and 10?
10
Let o(d) = 4*d - 1. Let p be o(9). What is the highest common factor of 175 and p?
35
Let b(o) = -o**2 - o. Let i be b(0). Suppose -56 = -5*h + 2*g - 22, 3*h + 2*g - 30 = i. Calculate the highest common divisor of h and 1.
1
Suppose -b + 46 = b. Calculate the highest common factor of 207 and b.
23
Suppose 0*g = 4*g - 288. Let u(y) = -4*y**3 - y**2 + 1. Let n be u(-1). Let w = 12 - n. Calculate the highest common divisor of g and w.
8
Suppose 3*d - 5 = -23. Let j(n) = n**3 - n**2 + n + 2. Let c be j(0). Let h be (c - -1) + (1 - d). What is the greatest common factor of h and 80?
10
Suppose 36 = m - 6. Suppose -3*k + 46 = -74. Suppose 88 = 3*f - x, -x = -f + 2*x + k. What is the greatest common divisor of f and m?
14
Suppose 5*d - u = 18, 0 = d + 2*u + 3*u + 12. Suppose d*v = a - 7, 2*a = -0*a - 5*v - 8. What is the greatest common factor of a and 9?
1
Let x be (-1)/(4/(-36)) - -3. What is the greatest common factor of x and 18?
6
Let x(d) = -d + 4. Let k be x(3). Let s be 24/k - (-2 + 2). Let i be (-5)/(-10) - 30/(-4